Calculate the greatest common factor of t and f.
3
Suppose 0 = -2*v + v + 24. Let z(w) = 5*w + w + 0*w. Let h be z(6). Calculate the greatest common factor of h and v.
12
Let k be 0 - (-8)/3*6. Suppose 0*y = 5*y + 2*w - 88, 3*w = -y + 28. What is the greatest common factor of k and y?
16
Suppose 2*i - 1 + 15 = 0. Let o be 2/i + 396/14. Let x = o - -44. What is the greatest common factor of 9 and x?
9
Let c(d) = -11*d + 3. Let t be c(4). Let u = 57 + t. What is the highest common divisor of 48 and u?
16
Let x be 403/9 + (-2)/(-9). Let m = 24 - 9. Calculate the greatest common divisor of m and x.
15
Let p = -1 + -3. Let d(t) = -3*t - 2. Let g be d(p). What is the highest common divisor of g and 20?
10
Let v = -3 - 3. Let b be 84/(-8)*4/v. Calculate the greatest common divisor of b and 14.
7
Let i = 28 + -18. What is the greatest common factor of 50 and i?
10
Suppose 4*n + 2*w + 3*w - 64 = 0, 0 = -5*n + 3*w + 117. What is the greatest common factor of n and 189?
21
Suppose -2*c - u + 5 = 0, 4*c + u - 11 = -0*c. What is the greatest common divisor of 51 and c?
3
Suppose 3*o = 4 + 23. Suppose -5*v - o = 91. Let a = v - -42. Calculate the greatest common divisor of a and 33.
11
Suppose 0*o = -o + 5. Calculate the greatest common factor of o and 2.
1
Let k(c) = -c**2 + 3. Let i be k(5). Let f = i + 82. Calculate the greatest common factor of f and 24.
12
Let c(h) = -h**3 + h + 27. Let j be c(0). What is the greatest common factor of j and 9?
9
Let q be (-40)/12*6/(-4). Suppose 13 = q*z - 7. Calculate the highest common divisor of 28 and z.
4
Suppose -y = 2*c + y - 392, -2*c = y - 396. Calculate the highest common divisor of 25 and c.
25
Let h be 220 + (-1 - (2 - 2)). Suppose -b = 2*b - h. Let a be (-2)/6 - b/(-3). What is the highest common divisor of 12 and a?
12
Suppose -5*x - 15 = 0, 6*u + 5 = u - 5*x. Suppose u*j + j = 90. Calculate the greatest common factor of 20 and j.
10
Suppose 304 = -2*o + 80. Suppose 127 = -4*p - 189. Let x = p - o. Calculate the highest common divisor of 22 and x.
11
Let a be 6 + (3 + -6 - -5). Suppose -2*u + 11 = d, -u = -3*d - 1 - a. Calculate the highest common divisor of u and 66.
6
Let k = 10 - 3. Suppose 17 - k = 5*b. Calculate the highest common factor of 18 and b.
2
Let y be 7 - (1 + -4 + 0). Calculate the highest common factor of 30 and y.
10
Suppose -z = -2*j + 400, -z = -3*j + 3*z + 610. Calculate the highest common factor of 22 and j.
22
Suppose 5 = 3*t + s - 8, 0 = t - s - 3. Let c be (-28)/21*1*-3. What is the highest common factor of t and c?
4
Let h be (16/10)/((-1)/(-15)). What is the highest common divisor of 48 and h?
24
Suppose 2*s = -u + 16, 5*s - 4*s + 37 = 4*u. Let y be (48/(-4))/(2/(-1)). Let c be (y/4)/((-6)/(-8)). What is the greatest common divisor of c and u?
2
Let j(g) = -4 - 4*g**2 + 2*g**2 + 3*g**2. Let n be j(-4). Calculate the highest common factor of 12 and n.
12
Let t be (-13)/(-2)*(4 + -2). Calculate the greatest common factor of t and 91.
13
Let k = -47 - -60. Suppose 275 = 2*w - 3*v, 2*v - 6 = -0*v. Let t = w + -51. What is the greatest common divisor of t and k?
13
Suppose -12 = -4*p - 5*z, 0*z + 3 = p + 2*z. Let y be (-1)/(3 + (-10)/p). Suppose -y = -k + 3. What is the greatest common factor of 15 and k?
3
Suppose -5*v + 4*v - 2*x = -7, 5*v = 2*x + 95. Let r be (1 - 0)*188 - (-16 + 17). What is the greatest common factor of v and r?
17
Let r = 37 + -31. Calculate the greatest common divisor of r and 54.
6
Let a = 9 + -3. Suppose 3*o - 2*v = a*o - 22, -o + 12 = 3*v. Let w be 8/2 + -1 + -1. What is the greatest common factor of w and o?
2
Suppose -2*h + 3*s = -h - 5, -5*s + 5 = -5*h. Let y be -2*(78/h - -3). What is the greatest common factor of y and 22?
11
Let o be 76/1*(0 + -3 + 5). What is the highest common factor of o and 19?
19
Suppose -21 = -3*k + 3. Let u be ((-2)/k)/((-3)/12). Let o be 4 + -1 + 6/(-3). What is the highest common divisor of u and o?
1
Let x(j) = -j**3 + j**2 + 5*j. Let r be x(-4). Suppose 0*d = 2*d - r. What is the greatest common divisor of 10 and d?
10
Let c = -30 + 399. What is the highest common factor of 41 and c?
41
Suppose 0 = w + w - 20. Let u = w - -2. What is the highest common divisor of u and 18?
6
Let v be 8/12*12 + -2. Suppose 4*p + 3*s = v*s + 220, -p - 2*s = -66. What is the highest common factor of p and 145?
29
Suppose -t + 2*a = 5*a - 19, -4*a - 12 = -t. Let k = t + -8. Let g be (-2)/k - (-82)/8. Calculate the greatest common factor of 4 and g.
2
Let y be 6/6*(-1 + 14). What is the highest common factor of 169 and y?
13
Suppose -5*j + 18 = j. Suppose 0 = j*h - 2*p + 7, -22 + 2 = -5*h - 3*p. What is the highest common factor of h and 8?
1
Let h = 2 - 1. Let i be (-2 + h)/((-2)/26). Let u(b) = 2*b**2 - 3*b. Let p be u(8). What is the greatest common factor of p and i?
13
Let k be (-570)/(-11) + (-2)/(-11). What is the highest common divisor of 130 and k?
26
Let o be 11/2 - 1/2. Suppose 17 = 6*m - 4*m + 3*r, -5 = -o*r. What is the greatest common divisor of 1 and m?
1
Let b = 20 - 14. Calculate the highest common divisor of b and 48.
6
Let d = -24 - -27. Suppose -15 - 69 = -d*j. What is the greatest common factor of 4 and j?
4
Let n be (-122)/(-4)*(3 + 1). Suppose -n = -4*v - 26. Let y(j) = j**3 - 14*j**2 + 3. Let f be y(14). Calculate the greatest common divisor of f and v.
3
Suppose 22 - 182 = -5*f. What is the greatest common divisor of 48 and f?
16
Let p = -2 - -27. Suppose -6*j + j + p = 0. What is the highest common divisor of j and 40?
5
Let h(k) = -k**2 + 5*k + 3. Let q be h(4). Let d(b) = -10*b + 1. Let y be d(4). Let p = y - -67. Calculate the highest common divisor of p and q.
7
Let d be (-1)/(606/(-120) + 5). What is the greatest common divisor of d and 10?
10
Suppose 0 = -0*h + 5*h. Suppose h*c + 196 = 2*c. Suppose 27 = 5*a - c. What is the greatest common factor of a and 10?
5
Suppose 5*g - 3*j = -3, -4*g + 4*j = 6*j - 2. Suppose 3*f - 15 = -g*t - 3*t, -4*f + 4 = -4*t. What is the greatest common factor of 12 and f?
3
Let h be (7 - 1)*(-2)/(-4). Let a be -243*-2*h/6. What is the greatest common divisor of 27 and a?
27
Let t(v) be the second derivative of v**4/12 + 9*v**2/2 - 2*v. Let o be t(-4). Calculate the greatest common factor of o and 25.
25
Let f = -1002 - -1003. Let l = 27 - 16. What is the greatest common divisor of l and f?
1
Let i be (-16)/6*9/(-4). Let f(b) = -b + 2*b + 4*b - i*b. Let h be f(-1). What is the greatest common divisor of h and 9?
1
Let w be 2/(-2)*(-3)/2*50. Calculate the highest common divisor of 45 and w.
15
Let j = -130 + 147. What is the greatest common factor of 153 and j?
17
Let j be (-24)/11 + 14/77 + 5. Let g = 20 - 30. Let l be ((-18)/5)/(3/g). Calculate the greatest common factor of l and j.
3
Let y(h) = 2*h**2 + 8*h + 6. Let p be y(-4). What is the greatest common factor of 18 and p?
6
Let a = 33 - 21. Let q = 21 - a. Calculate the highest common divisor of q and 3.
3
Suppose 10 = -2*s - 0. Let v = s - -19. Let y be (-126)/15*(-40)/12. What is the highest common factor of y and v?
14
Let s = 6 - 4. Let t be 2 + (0 - s) - -72. Let d = -851 + 859. Calculate the highest common factor of t and d.
8
Suppose -10*k + 9*k - 6 = 0. Let u be (-14 + 11)*14/k. Calculate the greatest common divisor of u and 28.
7
Suppose -5*x + 2*u = u - 273, -2*x + 116 = 3*u. What is the greatest common divisor of 5 and x?
5
Suppose -4*j = -5*k + 2*k - 49, -3*k = 9. Suppose -j = -x - x. Let z(g) = -39*g + 6. Let a be z(-1). What is the highest common factor of x and a?
5
Suppose 5*k = p + 37, -4*p + 23 = k + p. Calculate the highest common divisor of 2 and k.
2
Suppose 9*v + 183 = 12*v. Suppose -4*p + v = -159. Calculate the greatest common divisor of p and 5.
5
Let v(b) = -3*b - 1. Let f be v(-3). Calculate the highest common divisor of 24 and f.
8
Let s(p) = 2*p**3 - 4 - 1 + 5*p - 4*p**2 - 3*p + 6. Let f be s(2). What is the greatest common divisor of 40 and f?
5
Let m be 132/34 + (-14)/(-119). Let k(r) = -2*r + 4*r**2 + r - r**2. Let a be k(4). What is the highest common divisor of m and a?
4
Let k be (-1)/(3/(-6) + 0). Let t = k - -1. Suppose -c - 4*j + 22 = -3, -t*c = -5*j - 7. What is the greatest common factor of c and 3?
3
Let n be 3 + (-2 - 4) - -3. Let a = 1 + n. Let v = 15 - 7. What is the highest common d